{"id":950,"date":"2023-11-23T18:10:27","date_gmt":"2023-11-23T18:10:27","guid":{"rendered":"https:\/\/wspornik.org\/?page_id=950"},"modified":"2023-11-23T18:10:28","modified_gmt":"2023-11-23T18:10:28","slug":"toaleta-jamy-ustnej","status":"publish","type":"page","link":"https:\/\/wspornik.org\/index.php\/toaleta-jamy-ustnej\/","title":{"rendered":"Toaleta jamy ustnej\u00a0"},"content":{"rendered":"\n<p><strong>1. Osoba u kt\u00f3rej wykonywana b\u0119dzie toaleta jamy ustnej jest w kontakcie i wsp\u00f3\u0142pracuje<\/strong><\/p>\n\n\n\n<p>Przygotuj potrzebne rzeczy:<\/p>\n\n\n\n<p>&nbsp; &nbsp; -\u015bliniak lub r\u0119cznik<\/p>\n\n\n\n<p>&nbsp; &nbsp; -misk\u0119 nerkowat\u0105 lub inna niewielk\u0105 misk\u0119<\/p>\n\n\n\n<p>&nbsp; &nbsp; -past\u0119 do z\u0119b\u00f3w<\/p>\n\n\n\n<p>&nbsp; &nbsp; &#8211; szczoteczk\u0119<\/p>\n\n\n\n<p>Wykonanie zadania&nbsp;<\/p>\n\n\n\n<p>&nbsp; -za\u0142\u00f3\u017c r\u0119kawiczki<\/p>\n\n\n\n<p>&nbsp; -u\u0142\u00f3\u017c chorego w pozycji p\u00f3\u0142wysokiej<\/p>\n\n\n\n<p>&nbsp; -pod brod\u0119 za\u0142\u00f3\u017c \u015bliniak lub r\u0119cznik<\/p>\n\n\n\n<p>&nbsp; -oce\u0144 stan jamy ustnej<\/p>\n\n\n\n<p>&nbsp; -na\u0142\u00f3\u017c past\u0119 na szczoteczk\u0119<\/p>\n\n\n\n<p>&nbsp; -pod\u0142\u00f3\u017c pod brod\u0119 chorego misk\u0119 nerkowat\u0105<\/p>\n\n\n\n<p>&nbsp; -szczotkuj z\u0119by w zale\u017cno\u015bci od potrzeby ,delikatnie i zdecydowanie<\/p>\n\n\n\n<p>&nbsp; -wyczy\u015b\u0107 podniebienie i j\u0119zyk<\/p>\n\n\n\n<p>&nbsp; -podaj kubek z wod\u0105 do wyp\u0142ukania jamy ustnej<\/p>\n\n\n\n<p>&nbsp; -osusz delikatnie usta r\u0119cznikiem<\/p>\n\n\n\n<p>&nbsp; -nat\u0142u\u015b\u0107 usta kremem<\/p>\n\n\n\n<p><em>Pami\u0119taj nie wyr\u0119czaj chorego, je\u015bli potrafi niech zrobi to sam!<\/em><\/p>\n\n\n\n<p><strong>2. Osoba u kt\u00f3rej wykonywana b\u0119dzie toaleta jamy ustnej jest w s\u0142abym kontakcie lub bez kontaktu:<\/strong><\/p>\n\n\n\n<p>Przygotuj potrzebne rzeczy:<\/p>\n\n\n\n<p>&nbsp; &nbsp;-specjalne wilgotne patyczki do higieny jamy ustnej<\/p>\n\n\n\n<p>&nbsp; &nbsp;-lub gaziki nas\u0105czone p\u0142ynem do p\u0142ukania jamy ustnej<\/p>\n\n\n\n<p>Wykonanie zadania<\/p>\n\n\n\n<p>&nbsp; -za\u0142\u00f3\u017c r\u0119kawiczki<\/p>\n\n\n\n<p>&nbsp; -pod\u0142\u00f3\u017c \u015bliniak lub r\u0119cznik pod brod\u0119 chorego<\/p>\n\n\n\n<p>&nbsp; -do toalety u\u017cyj specjalnie nas\u0105czonych patyczk\u00f3w lub gazika nas\u0105czonego przegotowan\u0105 wod\u0105 lub p\u0142ynem do p\u0142ukania jamy ustnej<\/p>\n\n\n\n<p>&nbsp; -owi\u0144 palec nas\u0105czonym gazikiem i delikatnie umyj jam\u0119 ustn\u0105 chorego<\/p>\n\n\n\n<p>&nbsp; -delikatnie osusz usta i nat\u0142u\u015b\u0107 je kremem<\/p>\n\n\n\n<p><em>Pami\u0119taj, je\u015bli chory posiada protezy wyjmij je delikatnie, umyj szczoteczk\u0105 i past\u0105 pod bie\u017c\u0105c\u0105 wod\u0105 a jam\u0119 ustn\u0105 wyczy\u015b\u0107 przy pomocy gazik\u00f3w nas\u0105czonych przegotowan\u0105 wod\u0105 lub z p\u0142ynem do p\u0142ukania jamy ustnej. Pami\u0119taj, na noc wyci\u0105gaj protezy choremu, myj je i przechowuj na sucho w specjalnym pojemniku.\u00a0<\/em><\/p>\n\n\n\n<figure class=\"wp-block-embed is-type-rich is-provider-obs-uga-osadzania wp-block-embed-obs-uga-osadzania\"><div class=\"wp-block-embed__wrapper\">\nhttps:\/\/youtube.com\/watch?v=bYJ_v7jGGLs%3Fautoplay%3D0%26mute%3D0%26controls%3D1%26loop%3D0%26origin%3Dhttps%253A%252F%252Fwww.wspornik.org%26playsinline%3D1%26enablejsapi%3D1%26widgetid%3D5\n<\/div><\/figure>\n\n\n\n<p><\/p>\n\n\n\n<p>Praktyczny poradnik opieki nad przewlekle chorym zrealizowany w ramach projektu &#8222;Poprawa ochrony zdrowia os\u00f3b starszych, niesamodzielnych i przewlekle chorych z \u017bar, Lubska i pozosta\u0142ego obszaru po\u0142udniowej cz\u0119\u015bci woj. Lubuskiego\u201d dofinansowanego z Mechanizmu Finansowego EOG oraz Norweskiego Mechanizmu Finansowego 2009-2014 Wi\u0119cej informacji na stronie:&nbsp;<a href=\"https:\/\/www.youtube.com\/redirect?event=video_description&amp;redir_token=QUFFLUhqblBZcHdLSVVRMVpYZC1iLUtOQVA2UEVrTi1KZ3xBQ3Jtc0trNERxem9YbFJ4VWg4TzJvY2RnZkNTNDZkNFlsLVhIbEhsa2tBNUF3c0dmdXdLczc2QUdkamwydW5zMm1fNDJLd1N1SWNQUS1NYTJtQl9TbmhJUmhudUNNSUpFblpIUTQ5YUpUbDRBdjdnWUlQMTlIVQ&amp;q=http%3A%2F%2Fwww.szpitalnawyspie.pl%2F\" target=\"_blank\" rel=\"noreferrer noopener\">http:\/\/www.szpitalnawyspie.pl\/<\/a>\u200b<\/p>\n","protected":false},"excerpt":{"rendered":"<p>1. Osoba u kt\u00f3rej wykonywana b\u0119dzie toaleta jamy ustnej jest w kontakcie i wsp\u00f3\u0142pracuje Przygotuj potrzebne rzeczy: &nbsp; &nbsp; -\u015bliniak lub r\u0119cznik &nbsp; &nbsp; -misk\u0119 nerkowat\u0105 lub inna niewielk\u0105 misk\u0119 &nbsp; &nbsp; -past\u0119 do z\u0119b\u00f3w &nbsp; &nbsp; &#8211; szczoteczk\u0119 Wykonanie zadania&nbsp; &nbsp; -za\u0142\u00f3\u017c r\u0119kawiczki &nbsp; -u\u0142\u00f3\u017c chorego w pozycji p\u00f3\u0142wysokiej &nbsp; -pod brod\u0119 za\u0142\u00f3\u017c \u015bliniak [&hellip;]<\/p>\n","protected":false},"author":1,"featured_media":0,"parent":0,"menu_order":0,"comment_status":"closed","ping_status":"closed","template":"","meta":{"footnotes":""},"class_list":["post-950","page","type-page","status-publish","hentry"],"_links":{"self":[{"href":"https:\/\/wspornik.org\/index.php\/wp-json\/wp\/v2\/pages\/950","targetHints":{"allow":["GET"]}}],"collection":[{"href":"https:\/\/wspornik.org\/index.php\/wp-json\/wp\/v2\/pages"}],"about":[{"href":"https:\/\/wspornik.org\/index.php\/wp-json\/wp\/v2\/types\/page"}],"author":[{"embeddable":true,"href":"https:\/\/wspornik.org\/index.php\/wp-json\/wp\/v2\/users\/1"}],"replies":[{"embeddable":true,"href":"https:\/\/wspornik.org\/index.php\/wp-json\/wp\/v2\/comments?post=950"}],"version-history":[{"count":1,"href":"https:\/\/wspornik.org\/index.php\/wp-json\/wp\/v2\/pages\/950\/revisions"}],"predecessor-version":[{"id":952,"href":"https:\/\/wspornik.org\/index.php\/wp-json\/wp\/v2\/pages\/950\/revisions\/952"}],"wp:attachment":[{"href":"https:\/\/wspornik.org\/index.php\/wp-json\/wp\/v2\/media?parent=950"}],"curies":[{"name":"wp","href":"https:\/\/api.w.org\/{rel}","templated":true}]}}